 n(0) a composite number?
False
Suppose -26 = -13*z + 104. Let f be -1 - z - (0 + 0/(-2)). Is ((-9165)/f - 2) + (-4)/22 a composite number?
True
Suppose -36*k = -21*k + 56055. Let f = k - -6676. Is f a composite number?
False
Is (1 + -4)/(378/(-63)) + (-4395285)/(-10) prime?
False
Let f = -59 - -166. Let d be (f*5)/(2 - 3). Let y = d - -1506. Is y prime?
True
Suppose -2*r + 5*r = -102. Let y = 36 + r. Let p(c) = 74*c**2 - 2*c + 7. Is p(y) a prime number?
False
Let g(w) = -w**3 + 3*w**2 - 2*w + 1. Let s be 3*8/18*(-12)/(-8). Let h be g(s). Is (0 + (2 - h))/(1/371) a prime number?
False
Let m be (-300)/48 - 25/(-20). Is (9 - 6 - 382)*m prime?
False
Let p be (44 + -41)/(3/18039). Suppose 46172 = 7*i - p. Is i prime?
True
Suppose 58 = 4*c + 22. Suppose -19*s + c*s = -50. Is (20/(-6))/s*4083/(-2) prime?
True
Let z(l) be the third derivative of -l**6/15 - 7*l**5/60 - l**4/8 + 9*l**3/2 - 3*l**2 + l. Is z(-7) prime?
False
Is ((-2)/2)/(((-72)/(-210616))/(-9)) a prime number?
False
Let z = -64 + 64. Let j(f) = -f + 4. Let a be j(z). Let b(w) = 31*w + 3. Is b(a) prime?
True
Let c(s) = 135208*s**3 - 6*s**2 + 7*s. Is c(1) a composite number?
False
Let p(k) = -1864*k + 37. Let v be p(-12). Suppose 5*o + v = 10*o. Is o a composite number?
False
Suppose y = -41*j + 33*j + 588686, j - 73579 = y. Is j composite?
True
Let p(a) = a**2 - 2*a - 12. Let r be p(-4). Let q(z) = 2*z**2 - 4*z - 4*z + r*z + 0*z - 19. Is q(-8) composite?
True
Let g(u) = 6*u**2 + 11*u + 21. Let c(j) = 6*j**2 + 10*j + 20. Suppose 15*z - 16 = 11*z. Let a(s) = z*c(s) - 3*g(s). Is a(8) composite?
False
Let o be (-186)/4*(-4 + -1 + 3). Let s = -95 + o. Is s/(-16)*-2 - 23165/(-4) composite?
False
Let c(u) be the third derivative of -61*u**4/24 - 3*u**3/2 - 10*u**2 + 2*u. Is c(-8) a composite number?
False
Suppose 12*q + 6322 = -30698. Let k = 5328 + q. Is k prime?
True
Let n = 709 + -684. Suppose n*z = 91320 + 155830. Is z composite?
True
Let t(v) = 16824*v**3 - v**2 + 10*v - 27. Is t(2) a composite number?
False
Suppose -13*v - 87 + 9 = 0. Let t be -1 - 2485 - (3 + v). Let g = 4106 + t. Is g a prime number?
False
Is 6*9/297 + (-306579)/(-11) a composite number?
True
Suppose -5*o - 13 = -23. Suppose 0 = 4*f - 4*l + 4884, -o*f - 3*l + 8*l = 2439. Let d = f - -2389. Is d a prime number?
False
Suppose -183726 - 164346 = -2*a. Is a/4*(14 + -13) composite?
True
Let a be -4 - -9 - 5 - -843. Suppose -2*b - a + 12805 = 4*d, -4*d = -4*b + 23864. Is b a composite number?
True
Let j be (0 - -2719) + 12/(-9)*-3. Is (-14)/21 - j/(-3) prime?
True
Let j = 33 + -31. Suppose j*n - p - 1338 = -5*p, 3*p = -2*n + 1337. Is n composite?
True
Suppose -7*g + 14661 = 4560. Let l = g - 3034. Let h = l + 2498. Is h prime?
True
Suppose 4*y + 3 = -t + 24, 2*t + 23 = 5*y. Let w(a) = 178*a + 1. Let m be w(1). Suppose -2*q - 2*q = -4*n - 228, 0 = -3*q + y*n + m. Is q a composite number?
False
Suppose -5*f - 5*w = -4*f + 5, 3*f + w = -29. Is -4 - ((-2)/f - 143144/20) composite?
True
Let w = 885 - -308. Suppose 2*q - 3935 + w = 0. Is q composite?
True
Suppose -g + 22 = 2*p, 2*p - g - 48 = -18. Let w(t) = 96*t + 265*t - 43 - 5. Is w(p) composite?
True
Let l(s) = 4943*s**3 - 21*s**2 + 48*s + 57. Is l(5) a composite number?
False
Let m be -4 + (-11 - 2)*(0 - -1). Let z = 362 - m. Is z a prime number?
True
Suppose -4*j + 5*g + 79170 = -41961, 4*g = 4*j - 121136. Is j prime?
False
Suppose -g = 5*c + 23, -3*g + g + 5*c - 31 = 0. Is (-83)/g*34 - (-2)/9 a prime number?
True
Suppose 0 = 4*j - 12 - 8. Suppose 12293 = j*y + l, 0 = 4*y + 2*l - 7283 - 2549. Is y prime?
True
Suppose 0 = -x + 333 - 1274. Let m = 3680 - x. Is m a prime number?
True
Let u(m) = -230*m**2 + 11*m - 39. Let z(w) = 230*w**2 - 11*w + 38. Let o(j) = 2*u(j) + 3*z(j). Is o(5) a prime number?
False
Suppose 140 + 168 = 14*s. Suppose s*g - 24*g + 110 = 0. Suppose -2*a = -4*a, o + 3*a - g = 0. Is o composite?
True
Suppose -4*j + 2071286 = 2*c, -145*j + 141*j + 2071277 = c. Is j composite?
False
Let z(w) = 939*w + 52*w + 679*w + 3 + 608*w. Is z(1) composite?
False
Let i be 32/(-18) + 10/(-45). Let h = -1 - i. Is 0/4 - (-1257)/h composite?
True
Let n(a) = 12*a + 63. Let u be n(-5). Suppose u*d - 38676 = -3*l, l + 5*d - 12889 = d. Is l a prime number?
True
Let s be 170 - 1 - (-3 - -2). Suppose -r + 3*n - 48 = 0, -s - 56 = 4*r + 5*n. Is (-87 - 0)*r + 5 a composite number?
False
Is -42843*((-160)/24 + -3) prime?
False
Let t(y) = 6 - 16*y + 191*y**2 + 73*y**2 + 21*y. Is t(-1) prime?
False
Suppose 0 = 2*y + 7*y. Let x(g) = 23*g**2 + 26*g - 22*g**2 + g - 29 + y*g. Is x(22) composite?
False
Suppose 5*h + 17632 = 5297. Let f = h - -10902. Suppose 0 = 5*s - 0*n - 2*n - f, 0 = -4*s + 2*n + 6748. Is s prime?
False
Suppose -43*l + 3510023 = 364364 - 2649967. Is l composite?
True
Let y be (-2756)/(-27) - 34/459. Suppose 0 = -5*c + b - 5*b + 40, b = 5. Suppose -2*h = -c*h + y. Is h a composite number?
True
Let q(u) = -u**2 + 5*u + 12. Let z be q(5). Let s be 3/(-4) - 1479/z. Let t = 417 + s. Is t a composite number?
False
Let d be (-856362)/(-52)*(-24)/(-9). Suppose 0 = -11*n + 7*n - 3*x + d, 0 = -n - x + 10979. Is n composite?
False
Is 3/3*160481/(-8 - (-1 + -8)) a composite number?
False
Suppose 2*m + 2*i - 271 = -m, 2*m + 2*i = 180. Let c = 94 - m. Suppose l + 978 = 2*a, -2*a - c*a + 2455 = -5*l. Is a a composite number?
False
Let r(u) = 23*u**2 + 354*u - 636. Is r(55) prime?
False
Let n(g) = 2*g**3 - 2*g**2 - 3*g + 6. Let r be n(2). Let w(c) = -14 - 9 + r*c + 4. Is w(13) prime?
False
Let h(b) = 2099*b**2 - 27*b - 45. Let k(n) = 699*n**2 - 9*n - 15. Let y(j) = -2*h(j) + 7*k(j). Is y(-3) prime?
False
Suppose 4*u = 202*o - 207*o + 556258, 5*u - 695327 = -4*o. Is u a composite number?
False
Let k(u) = 629*u - 219. Is k(2) prime?
True
Let a(j) = j**3 - 6*j**2 - 56*j - 31. Let p be a(11). Let u(x) = -112*x + 385. Is u(p) a composite number?
True
Let k be (-507)/6*-12*9/18. Let q = -125 + 635. Suppose 4*i = -4*a + 2*i + q, 4*a - k = -3*i. Is a composite?
True
Suppose 0 = 25*d - 13*d + 2147374 - 7709938. Is d prime?
False
Is 3635659/158 - (-1)/2 composite?
False
Suppose 0 = -3*a - 1864 - 2864. Let r be (3*1088 - -5)/1. Let x = a + r. Is x composite?
False
Suppose -26*q + 778332 = 11*q. Suppose 25548 + q = 24*c. Is c prime?
False
Suppose -4*m + 1808 = 5*p - 0*m, -5*p - m = -1817. Let r = p - 201. Is r/2 - 21/(-14) composite?
False
Suppose v + 32 = 5. Let r be v/7 - -2 - 3/21. Is (r/(-12))/(7/9219)*2 composite?
False
Is (965527 + -33 + 13)*(1/1 + 0) prime?
True
Let s = 28734 + 20001. Suppose -14*c = -20299 - s. Is c composite?
False
Let f(k) = 2*k**3 - 16*k**2 + 98*k - 653. Is f(34) composite?
False
Let r(w) = -5*w + 5. Let g be r(2). Is (38342/95)/((-2)/g) a prime number?
True
Let v be (-14)/((20 - 22)/(-1 + 60)). Suppose 2*k - 7*s = -2*s + v, 2*k - 3*s = 419. Is k composite?
True
Suppose 0 = -4*o + 2*o + 106. Let f = o + -64. Is 1 + (-2708)/f + (-6)/33 prime?
False
Let h = -137367 + 202918. Is h a composite number?
False
Let b = -152613 + 317462. Is b a composite number?
True
Is 351644*((-3)/(-11) + (-4)/176) composite?
False
Let r(d) = 3*d**3 + 22*d**2 - 16*d + 7. Let u be r(-11). Let a = u + 5010. Is a prime?
False
Suppose 3 = -0*t + t. Let y(s) = 415*s + 28. Is y(t) prime?
False
Let s(n) = 127*n**2 + 193*n + 10253. Is s(-65) prime?
True
Suppose b - 1529 = -3*v, -3*b + 506 = v + 7. Suppose -4*d + 612 = 2*p, 5*p - 2*d = 971 + v. Is p a prime number?
False
Let w(v) = v**3 + 3*v**2 - 8*v - 10. Let r be w(-4). Suppose 0 = -2*y + 5*y - r. Suppose y*a - 1850 = -412. Is a prime?
True
Let k = -38810 - -147969. Is k a prime number?
True
Let g = -54 - -59. Suppose -6*m + 14059 = g*z - 2*m, 2*z - 5620 = 2*m. Is ((-1)/3)/((-1)/z) a prime number?
True
Let g(v) = 8*v - 26. Let j be g(4). Let x be (j - (-30274 + 1)) + (-2)/(-2). Suppose -2*h + x = 6*h. Is h a prime number?
False
Let k be 7/((-105)/4632)*-5. Let s = -643 + k. Is s composite?
True
Let f be (-3)/9 - (-1958)/6. Let z = 525 - 22. Let m = z - f. Is m prime?
False
Let d(u) = 2226*u - 2887. Is d(9) composite?
True
Let x(v) = -4*v + 59. Let y be x(15). Is -15 - -14 - y*394 a composite number?
True
Let i = -460 + 462. Suppose -i*v - 3*o = -9974, o - 4*o - 24935 = -5*v. Is v a composite number?
False
Suppose 49*c = 11858095 + 5536806 - 1635962. I